is divided by o.
7
Suppose 2*n = 10*n - 152. Let q(u) = -u**2 - 6*u - 3. Suppose y + 4*h + 4 = 0, 3*h = -0*y + 2*y + 8. Calculate the remainder when n is divided by q(y).
4
Suppose -2*h + 22 + 30 = 4*z, -h - 4*z + 22 = 0. Calculate the remainder when 289 is divided by h.
19
Let k(p) = -p**2 + 12*p - 18. Let z = -30 - -33. Let c be (-15)/45 + 31/z. Calculate the remainder when k(c) is divided by 2.
0
Suppose 0 = 5*s - 7 - 3. What is the remainder when (12/18)/(s/99) is divided by 12?
9
Let y(w) = -22*w**2 + 10*w - 20. Let u(v) = 9*v**2 - 4*v + 8. Let t(l) = -12*u(l) - 5*y(l). What is the remainder when 62 is divided by t(2)?
6
Suppose -2*i + 7*i + 883 = 2*m, -5*m - 3*i + 2192 = 0. Calculate the remainder when m is divided by 22.
21
Suppose 3*f + i - 14 = 0, -f + 3*f = -2*i + 4. Let k be -3*(-1 - (-4)/f). What is the remainder when 41 is divided by k*(1/(-1) + 23)?
19
Let c(o) = -o**3 + 8*o**2 - 8*o - 7. What is the remainder when c(-8) is divided by 35?
31
Suppose -4*l + 2*l + 4 = 2*n, 3 = 3*n. Suppose a + 0*a - l = 0, 2*f - 243 = a. What is the remainder when f is divided by 25?
22
Let h = -182 - -334. What is the remainder when h is divided by 77?
75
Let l(q) = q**2 + 5*q - 1. Let u be l(-5). Let c(k) = k**2 - 5*k + 10*k**2 + 3*k. What is the remainder when c(u) is divided by 8?
5
Let g(c) = -3*c + 51. Let a be 7/21*(-2 + 2). Suppose -m = m - 26. What is the remainder when g(a) is divided by m?
12
Let q(v) = 10*v**2 + v - 1. Calculate the remainder when 82 is divided by q(2).
0
Suppose -2 = 2*t, -2*k + 9 + 26 = -3*t. Calculate the remainder when 1183 is divided by k.
15
Suppose 2*o + 0*o + 20 = 0. Let v = o - 0. What is the remainder when 14 is divided by v*(-4)/8 + 0?
4
Suppose -3*l - 19 = -g - 1387, 2*g = l - 451. Suppose k = 5*p + 159, 4*p = 3*k - p - l. What is the remainder when k is divided by 38?
35
Calculate the remainder when 512 is divided by 38/8*(-2)/(-5)*10.
18
Let b be 30/42 - (-4)/14. What is the remainder when 93 is divided by b + -4 + 1 + 18?
13
Let x(v) = 2*v**2 - 4*v. Let d be x(5). Suppose 27 - d = c. Calculate the remainder when 3 is divided by 2/((-24)/4)*c.
0
Let h(l) = 19*l - 128. What is the remainder when 81 is divided by h(8)?
9
Let j = 43 - 45. What is the remainder when (-168 + 22)*j/4 is divided by 25?
23
Let t = 112 + -101. Suppose 0 = 5*k + 3*c - 13, -3*k = 2*c - 6 - 2. Suppose -8 - 54 = -k*p. What is the remainder when p is divided by t?
9
What is the remainder when 966 is divided by 3306/190 - 8/(-5)?
16
Let p(t) = 2*t**3 - 22*t**2 + 3*t - 8. What is the remainder when p(11) is divided by 14?
11
Suppose -22*g - 17 + 347 = 0. Calculate the remainder when 87 is divided by g.
12
Let s = -97 + 82. Calculate the remainder when (-144)/s*100/30 is divided by 20.
12
Let f = 27 - 7. Suppose 4*k - 2*k = f. Calculate the remainder when (-5 - 65/(-15))/(4/(-174)) is divided by k.
9
Let r = 11 + 12. Let h = 32 - r. What is the remainder when 26 is divided by h?
8
Let y = 422 + -347. Calculate the remainder when 211 is divided by y.
61
Suppose -8*v + 324 = -20. Calculate the remainder when 116 is divided by v.
30
Suppose 8*h - 7*h - 52 = -q, -5*q + 278 = -4*h. What is the remainder when q is divided by 30?
24
Let z(t) = 16*t + 166. Calculate the remainder when 377 is divided by z(-8).
35
Let j be (5 - (-39 - -5)) + -1. Suppose 3*d + j + 93 = 5*l, 0 = -4*d + 12. Calculate the remainder when 109 is divided by l.
25
Let r = -49 + 83. Let v = r + -21. What is the remainder when 76 is divided by v?
11
Suppose -5*j + 20 + 5 = 0. Let i(k) = -k**3 - 4*k**2 + k - 5. Calculate the remainder when ((-3)/2)/(j/(-140)) is divided by i(-5).
12
Let m be 2/(0 + 6/(-15)). Let s(i) = 2*i**2 + i. Suppose 70 - 2 = 4*l + 2*h, -5*h = l - 26. Calculate the remainder when s(m) is divided by l.
13
Let d = -9 + 5. Let b = d - -6. Calculate the remainder when (-135)/(-21) + (30/35)/(-2) is divided by b.
0
Let k = 109 + -81. Calculate the remainder when 23 + 1 + 1 + -1 is divided by (5/(-2))/((-14)/k).
4
Suppose -688 = -36*s + 20*s. What is the remainder when s is divided by 9?
7
Suppose 0 = 5*o - 4*x - 131 - 139, -4*x = -20. What is the remainder when 287 is divided by o?
55
Let s(j) = j**2 - j + 10. What is the remainder when s(3) is divided by 14?
2
Let x = 20 - 31. Suppose -4*n - 57 - 15 = 0. Let q = x - n. What is the remainder when q is divided by 4?
3
Let q(c) = c**2 - c. Let i = -13 + 12. Let k be q(i). What is the remainder when 63 is divided by k*45/6 + 1?
15
Suppose -159 = -5*g + 1461. Calculate the remainder when g is divided by 8.
4
Let l(f) = -9*f - 21. Calculate the remainder when 11 is divided by l(-3).
5
Suppose 2*h - 2*n - 8 = 0, -3 = -2*n + 3. Suppose 0 = 3*m - 0*m - 6. Suppose m*k - h*k = -20. What is the remainder when 4 is divided by k?
0
Suppose -366 = -64*y + 58*y. What is the remainder when y is divided by 24?
13
Let x be (1194/12)/1*2. Suppose d + 65 = b, -b - 2*b + x = -4*d. What is the remainder when b is divided by 16?
13
Let t(q) = q**2 + 15*q - 40. Let a be t(-17). Suppose -4*w = -7*w + 42. Let g = a + w. Calculate the remainder when 15 is divided by g.
7
Let j(a) = 7*a + 3. Suppose 20 = 5*q - 5*d, -3*q + 5*d - 47 + 53 = 0. Calculate the remainder when j(4) is divided by q.
3
Suppose 62*r = -3691 + 11813. What is the remainder when r is divided by 38?
17
Suppose -5*x + 3*m = -44, -2*m + 8 = x + x. Let s = -25 - -31. Suppose 5 = -5*a - 5*f, -7*a + s*a - 4*f - 10 = 0. What is the remainder when x is divided by a?
1
Suppose 3*j - 9 = 15. What is the remainder when 30 is divided by j?
6
Let p = 23 - -35. Suppose -v + 131 = 3*t, -2*t + 4*v + 34 = -p. Calculate the remainder when t is divided by 24.
20
Let c = -4613 - -4620. Let d(a) = -a**3 - 4*a**2 + 5*a + 6. Calculate the remainder when c is divided by d(-5).
1
Suppose 11*v = 7*v + 104. Suppose 2*k + 4*h - 66 = 0, k - h - 1 = v. Let o(u) = 16*u**2 - u + 1. Calculate the remainder when k is divided by o(1).
13
Let a(y) = 3*y**2 - 5*y + 7. Let n be a(3). Let b = -16 + n. Let c = 41 - 24. Calculate the remainder when c is divided by b.
2
Suppose a + 2*a + 627 = 3*w, -2*w + 414 = 2*a. Calculate the remainder when w is divided by 15.
13
Let v be (4 + -1)/(6/4). Calculate the remainder when 1 + v/(-3) - (-342)/27 is divided by 3.
1
Let y = 16 + -16. Let g be y + -4*(0 - 1). Suppose -2*u = -3*q + 170, 0 = 4*q + q - g*u - 280. What is the remainder when q is divided by 21?
18
Suppose 3*t = -0 + 6. Suppose d + 12 = -4*z, 0 = 3*z + z - 2*d. Calculate the remainder when t is divided by ((-3)/(-6))/(z/(-4)).
0
Suppose 0 = -5*n - j - 96, n = 3*n - 4*j + 34. Let u = n + 24. Calculate the remainder when 15 is divided by u.
0
Suppose -5*j = 14 - 24. What is the remainder when 18 is divided by 15 + (0 - (2 + j))?
7
Suppose 13*f - 1852 = 1112. Calculate the remainder when f is divided by 114.
0
Suppose -4*i + 8*i - 708 = 0. What is the remainder when i is divided by 46?
39
Let q be (9/6)/(3/112). Let y = 59 - q. What is the remainder when 7 is divided by y?
1
Let w(z) = -2*z**2 + 87*z + 4. Suppose -3*q = q - 80. What is the remainder when w(43) is divided by q?
7
Let p be 2*-9*(-2)/12. Let z(m) = -10*m**2 + 5*m - m**3 + p*m - 8*m + 10*m + 12. Calculate the remainder when 44 is divided by z(-11).
21
Let w = 327 + -152. What is the remainder when w is divided by 44?
43
Let w(v) = v**3 + 37*v**2 - 58*v - 150. Calculate the remainder when w(-38) is divided by 57.
40
Suppose -3*u = 12 - 54. What is the remainder when 142 is divided by u?
2
Suppose g - p - 12 = 0, -g + 2*g + 12 = -5*p. Suppose g*i - 31 = 217. Calculate the remainder when i is divided by 8.
7
Let q(s) = 28*s + 325. Calculate the remainder when q(-6) is divided by 23.
19
Suppose -111*m + 102*m = -1152. Calculate the remainder when m is divided by 11.
7
Let m(c) = c - 5. Let d be m(10). Suppose -2*f + 165 = 3*f + d*v, -164 = -5*f - 4*v. Calculate the remainder when 55 is divided by f.
23
Let b(x) = 9*x - 9. Let j be b(2). Suppose -j*r = 6*r - 135. What is the remainder when 41 is divided by r?
5
Let k(i) = -8*i - 4. Let r(t) = -t**3 + 11*t**2 - 9*t. Let c be r(10). Let d = 7 - c. What is the remainder when 79 is divided by k(d)?
19
Let f(k) = 3*k + 99. Calculate the remainder when 18 is divided by f(-28).
3
Suppose l - 3*z - 19 